{"id":466,"date":"2025-07-18T00:34:26","date_gmt":"2025-07-17T21:34:26","guid":{"rendered":"https:\/\/www.kainuunmoottorikerho.fi\/etusivu\/?page_id=466"},"modified":"2025-07-19T15:54:03","modified_gmt":"2025-07-19T12:54:03","slug":"media","status":"publish","type":"page","link":"http:\/\/www.kainuunmoottorikerho.fi\/etusivu\/hefti-oy-endurosprint-santamaki-2025\/media\/","title":{"rendered":"Media"},"content":{"rendered":"<div class=\"brz brz-root__container brz-reset-all brz-root__container-page\" >\n<section id=\"f09c320c37f2403ccaf2_gj0Oaibhglmr\" class=\"brz-section brz-css-1wu9fx9 brz-css-lqmzgm\">\n<div class=\"brz-section__content brz-section--boxed brz-css-eo2fja brz-css-ayscmu\" data-brz-custom-id=\"w1Y5DYV6Oovt\">\n<div class=\"brz-container brz-css-mxntsz brz-css-1jb34vf\">\n<div id=\"\" class=\"brz-css-fwrpsu brz-css-k0mlqe brz-wrapper\">\n<div class=\"brz-menu-simple brz-css-nb9m brz-css-d7fopc\">\n<div style=\"min-height:20px\">\n<div class=\"menu-kisa-container\">\n<ul id=\"menu-kisa\" class=\"menu\">\n<li id=\"menu-item-481\" class=\"menu-item menu-item-type-post_type menu-item-object-page menu-item-481\"><a href=\"https:\/\/www.kainuunmoottorikerho.fi\/etusivu\/hefti-oy-endurosprint-santamaki-2025\/\">Hefti Oy Endurosprint Santam\u00e4ki 2025<\/a><\/li>\n<li id=\"menu-item-482\" class=\"menu-item menu-item-type-post_type menu-item-object-page menu-item-has-children menu-item-482\"><a href=\"https:\/\/www.kainuunmoottorikerho.fi\/etusivu\/hefti-oy-endurosprint-santamaki-2025\/kilpailijat\/\">Kilpailijat<\/a>\n<ul class=\"sub-menu\">\n<li id=\"menu-item-489\" class=\"menu-item menu-item-type-post_type menu-item-object-page menu-item-489\"><a href=\"https:\/\/www.kainuunmoottorikerho.fi\/etusivu\/hefti-oy-endurosprint-santamaki-2025\/kilpailukeskus\/\">Kilpailukeskus<\/a><\/li>\n<li id=\"menu-item-490\" class=\"menu-item menu-item-type-post_type menu-item-object-page menu-item-490\"><a href=\"https:\/\/www.kainuunmoottorikerho.fi\/etusivu\/hefti-oy-endurosprint-santamaki-2025\/reitti\/\">Reitti<\/a><\/li>\n<\/ul>\n<\/li>\n<li id=\"menu-item-483\" class=\"menu-item menu-item-type-post_type menu-item-object-page menu-item-483\"><a href=\"https:\/\/www.kainuunmoottorikerho.fi\/etusivu\/hefti-oy-endurosprint-santamaki-2025\/ilmoitustaulu\/\">Ilmoitustaulu<\/a><\/li>\n<li id=\"menu-item-484\" class=\"menu-item menu-item-type-post_type menu-item-object-page menu-item-484\"><a href=\"https:\/\/www.kainuunmoottorikerho.fi\/etusivu\/hefti-oy-endurosprint-santamaki-2025\/katsojat\/\">Katsojat<\/a><\/li>\n<li id=\"menu-item-485\" class=\"menu-item menu-item-type-post_type menu-item-object-page menu-item-485\"><a href=\"https:\/\/www.kainuunmoottorikerho.fi\/etusivu\/hefti-oy-endurosprint-santamaki-2025\/tulokset\/\">Tulokset<\/a><\/li>\n<li id=\"menu-item-486\" class=\"menu-item menu-item-type-post_type menu-item-object-page menu-item-486\"><a href=\"https:\/\/www.kainuunmoottorikerho.fi\/etusivu\/hefti-oy-endurosprint-santamaki-2025\/kuvat\/\">Kuvat<\/a><\/li>\n<li id=\"menu-item-487\" class=\"menu-item menu-item-type-post_type menu-item-object-page menu-item-487\"><a href=\"https:\/\/www.kainuunmoottorikerho.fi\/etusivu\/hefti-oy-endurosprint-santamaki-2025\/majoitus\/\">Majoitus<\/a><\/li>\n<li id=\"menu-item-488\" class=\"menu-item menu-item-type-post_type menu-item-object-page menu-item-488\"><a href=\"https:\/\/www.kainuunmoottorikerho.fi\/etusivu\/hefti-oy-endurosprint-santamaki-2025\/media\/\">Media<\/a><\/li>\n<li id=\"menu-item-491\" class=\"menu-item menu-item-type-post_type menu-item-object-page menu-item-491\"><a href=\"https:\/\/www.kainuunmoottorikerho.fi\/etusivu\/hefti-oy-endurosprint-santamaki-2025\/yhteystiedot-2\/\">Yhteystiedot<\/a><\/li>\n<\/ul>\n<\/div>\n<\/div>\n<\/div>\n<\/div>\n<\/div>\n<\/div>\n<\/section>\n<section id=\"cb1c55d6e0517ad54a5d_kcaQ1vJqAoij\" class=\"brz-section brz-css-w3ckka brz-css-cagh6m\">\n<div class=\"brz-section__content brz-section--boxed brz-css-1qxyuuh brz-css-1c9miao\" data-brz-custom-id=\"oHvJykntIwf2\">\n<div class=\"brz-container brz-css-11gsfw0 brz-css-1c2h9nf\">\n<div id=\"\" class=\"brz-css-160kaeu brz-css-r17pfg brz-wrapper\">\n<div class=\"brz-rich-text brz-rich-text__custom brz-css-15b9qrb brz-css-vf84lt\" data-brz-custom-id=\"wirXCpGjFlqI\">\n<div data-brz-translate-text=\"1\">\n<h1 class=\"brz-text-lg-center brz-tp-lg-heading1 brz-css-h7FzA\" data-generated-css=\"brz-css-w95Cl\" data-uniq-id=\"bLQ62\"><span style=\"color: rgb(252, 84, 27); text-shadow: rgba(170, 96, 96, 0.92) 1px 2px 4px;\" class=\"brz-cp-color7\">Hefti Oy Endurosprint Santam\u00e4ki 2025<\/span><\/h1>\n<h1 data-generated-css=\"brz-css-s9u1Q\" data-uniq-id=\"vilru\" class=\"brz-text-lg-center brz-tp-lg-heading1 brz-css-avAGu\">Media<\/h1>\n<\/div>\n<\/div>\n<\/div>\n<\/div>\n<\/div>\n<\/section>\n<section id=\"3d51d881cfff4fde8f07_mfUbsr0yno0v\" class=\"brz-section brz-css-1ktbu6a brz-css-16f1je7\">\n<div class=\"brz-section__content brz-section--boxed brz-css-177n9n2 brz-css-leln9s\" data-brz-custom-id=\"mo0ySYkYsSu_\">\n<div class=\"brz-container brz-css-16lfna4 brz-css-1bi6nbr\">\n<div id=\"\" class=\"brz-css-6t72wl brz-css-o07g2t brz-wrapper\">\n<div class=\"brz-rich-text brz-rich-text__custom brz-css-1lmh65v brz-css-bn4xp6\" data-brz-custom-id=\"dsCv6LFjHP9P\">\n<div data-brz-translate-text=\"1\">\n<h2 class=\"brz-tp-lg-heading2 brz-css-macA5\" data-generated-css=\"brz-css-cECqm\" data-uniq-id=\"ftc3o\"><span style=\"color: rgba(var(--brz-global-color2),1); background-color: transparent;\" class=\"brz-cp-color2\">MEDIAN EDUSTAJILLE:<\/span><\/h2>\n<h5 class=\"brz-tp-lg-heading5 brz-css-oBcK3\" data-generated-css=\"brz-css-ab8gV\" data-uniq-id=\"gTO3f\"><span style=\"color: rgba(var(--brz-global-color2),1); background-color: transparent;\" class=\"brz-cp-color2\">Akkreditointi<\/span><\/h5>\n<p class=\"brz-tp-lg-paragraph brz-css-mN1XF\" data-generated-css=\"brz-css-hOOeV\" data-uniq-id=\"w8Gbl\"><span style=\"color: rgba(var(--brz-global-color2),1); background-color: transparent;\" class=\"brz-cp-color2\">Kilpailukaudella on k\u00e4yt\u00f6ss\u00e4 sek\u00e4 liittotason ett\u00e4 kilpailukohtainen median edustajien akkreditoituminen. Liittotason akkreditoitumisesta saa lis\u00e4tietoja SML:n toimistolta (office@moottoriliitto.fi)<\/span><\/p>\n<p data-generated-css=\"brz-css-vdmjJ\" data-uniq-id=\"xCqch\" class=\"brz-tp-lg-empty brz-ff-overpass brz-ft-google brz-fs-lg-16 brz-fss-lg-px brz-fw-lg-400 brz-ls-lg-0 brz-lh-lg-1_9 brz-vfw-lg-400 brz-fwdth-lg-100 brz-fsft-lg-0 brz-css-pIHa_\"><span style=\"color: rgba(var(--brz-global-color2),1); background-color: transparent;\" class=\"brz-cp-color2\">Ohessa medialle tarkoitettu kilpailukohtainen akkreditointilomake, jonka voi t\u00e4ytt\u00e4\u00e4 ja palauttaa ennen kilpailua <\/span><strong class=\"brz-cp-color2 brz-bold-true\" style=\"color: rgba(var(--brz-global-color2),1); background-color: transparent;\">s\u00e4hk\u00f6postitse<\/strong><span style=\"color: rgba(var(--brz-global-color2),1); background-color: transparent;\" class=\"brz-cp-color2\"> osoitteeseen: <\/span><em class=\"brz-cp-color2\" style=\"color: rgba(var(--brz-global-color2),1); background-color: transparent;\">valtteri.turunen@hotmail.com<\/em><span class=\"brz-cp-color2\" style=\"color: rgba(var(--brz-global-color2),1); background-color: transparent;\"> (s\u00e4hk\u00f6inen allekirjoitus riitt\u00e4\u00e4) <\/span><strong class=\"brz-cp-color2 brz-bold-true\" style=\"color: rgba(var(--brz-global-color2),1); background-color: transparent;\">tai tulostettuna<\/strong><span class=\"brz-cp-color2\" style=\"color: rgba(var(--brz-global-color2),1); background-color: transparent;\"> kilpailup\u00e4iv\u00e4n aamuna ennen kilpailun alkua kilpailutoimistoon.<\/span><\/p>\n<p class=\"brz-tp-lg-paragraph brz-css-oTClY\" data-generated-css=\"brz-css-sT1Z0\" data-uniq-id=\"br7ht\"><span style=\"color: rgba(var(--brz-global-color2),1); background-color: transparent;\" class=\"brz-cp-color2\">Lis\u00e4tietoja Suomen Moottoriliiton sivuilla<\/span><\/p>\n<\/div>\n<\/div>\n<\/div>\n<\/div>\n<\/div>\n<\/section>\n<section id=\"684851ccd1f04e423257_ixTsTzuWIzJU\" class=\"brz-section brz-css-256cun brz-css-1ioqw91\">\n<div class=\"brz-section__content brz-section--boxed brz-css-w39qdj brz-css-1625zts\" data-brz-custom-id=\"b0YTMpGyi2aQ\">\n<div class=\"brz-container brz-css-13tjbnn brz-css-5my6io\">\n<div id=\"\" class=\"brz-css-14kmy8w brz-css-hd9uqc brz-wrapper\">\n<div class=\"brz-wp-shortcode brz-css-x5gunx brz-css-3vtffk\" data-brz-custom-id=\"qTkKnDDwr7HA\">\n<div><div class=\"shared-files-embed-69f3d9c00d7ef shared-files-main-container\" data-elem-class=\"shared-files-embed-69f3d9c00d7ef\" data-search-type=\"0\" data-post-id=\"466\"><div class=\"shared-files-search\"><ul class=\"shared-files-main-file-list\"><li class=\"shared-files-card-1279\"><div class=\"shared-files-main-elements\"><div class=\"shared-files-main-elements-left\" style=\"background-image: url(http:\/\/www.kainuunmoottorikerho.fi\/etusivu\/wp-content\/plugins\/shared-files\/img\/2020\/pdf.svg);\"><\/div><div class=\"shared-files-main-elements-right\"><a class=\"shared-files-file-title\"  data-file-type=\"\"  data-file-url=\"\/etusivu\/shared-files\/1279\/?Median_akkreditointilomake_2025.pdf\"  data-external-url=\"\"  data-image-url=\"\" href=\"\/etusivu\/shared-files\/1279\/?Median_akkreditointilomake_2025.pdf\" target=\"_blank\">Median_akkreditointilomake_2025.pdf<\/a><span class=\"shared-file-size\">116.01 KB<\/span><a href=\"http:\/\/www.kainuunmoottorikerho.fi\/etusivu\/shared-files\/1279\/?Median_akkreditointilomake_2025.pdf\" target=\"_blank\" class=\"shared-files-preview-button\">Preview<\/a><span class=\"shared-file-date\">19\/07\/2025<\/span><div class=\"shared-files-download-counter\"><span>Downloads: 402<\/span><\/div><div class=\"shared-files-download-button-container\"><a href=\"\/etusivu\/shared-files\/1279\/?Median_akkreditointilomake_2025.pdf&download=1\" class=\"shared-files-download-button\"  download>Download<\/a><\/div><div class=\"shared-files-edit-actions\"><\/div><\/div><\/div><\/li><\/ul><\/div><\/div><\/div>\n<\/div>\n<\/div>\n<\/div>\n<\/div>\n<\/section><\/div>\n<p><!-- version:1752929643 --><\/p>\n","protected":false},"excerpt":{"rendered":"<p>Hefti Oy Endurosprint Santam\u00e4ki 2025 Kilpailijat Kilpailukeskus Reitti Ilmoitustaulu Katsojat Tulokset Kuvat Majoitus Media Yhteystiedot Hefti Oy Endurosprint Santam\u00e4ki 2025 Media MEDIAN EDUSTAJILLE: Akkreditointi Kilpailukaudella on k\u00e4yt\u00f6ss\u00e4 sek\u00e4 liittotason ett\u00e4 kilpailukohtainen median edustajien akkreditoituminen. Liittotason akkreditoitumisesta saa lis\u00e4tietoja SML:n toimistolta (office@moottoriliitto.fi) Ohessa medialle tarkoitettu kilpailukohtainen akkreditointilomake, jonka voi t\u00e4ytt\u00e4\u00e4 ja palauttaa ennen kilpailua s\u00e4hk\u00f6postitse osoitteeseen: &hellip; <\/p>\n<p class=\"link-more\"><a href=\"http:\/\/www.kainuunmoottorikerho.fi\/etusivu\/shared_file\/median_akkreditointilomake_2025-pdf\/\" class=\"more-link\">Jatka lukemista<span class=\"screen-reader-text\"> &#8221;Median_akkreditointilomake_2025.pdf&#8221;<\/span><\/a><\/p>\n","protected":false},"author":1,"featured_media":0,"parent":417,"menu_order":7,"comment_status":"closed","ping_status":"closed","template":"brizy-blank-template.php","meta":{"footnotes":""},"class_list":["post-466","page","type-page","status-publish","hentry"],"_links":{"self":[{"href":"http:\/\/www.kainuunmoottorikerho.fi\/etusivu\/wp-json\/wp\/v2\/pages\/466","targetHints":{"allow":["GET"]}}],"collection":[{"href":"http:\/\/www.kainuunmoottorikerho.fi\/etusivu\/wp-json\/wp\/v2\/pages"}],"about":[{"href":"http:\/\/www.kainuunmoottorikerho.fi\/etusivu\/wp-json\/wp\/v2\/types\/page"}],"author":[{"embeddable":true,"href":"http:\/\/www.kainuunmoottorikerho.fi\/etusivu\/wp-json\/wp\/v2\/users\/1"}],"replies":[{"embeddable":true,"href":"http:\/\/www.kainuunmoottorikerho.fi\/etusivu\/wp-json\/wp\/v2\/comments?post=466"}],"version-history":[{"count":12,"href":"http:\/\/www.kainuunmoottorikerho.fi\/etusivu\/wp-json\/wp\/v2\/pages\/466\/revisions"}],"predecessor-version":[{"id":1322,"href":"http:\/\/www.kainuunmoottorikerho.fi\/etusivu\/wp-json\/wp\/v2\/pages\/466\/revisions\/1322"}],"up":[{"embeddable":true,"href":"http:\/\/www.kainuunmoottorikerho.fi\/etusivu\/wp-json\/wp\/v2\/pages\/417"}],"wp:attachment":[{"href":"http:\/\/www.kainuunmoottorikerho.fi\/etusivu\/wp-json\/wp\/v2\/media?parent=466"}],"curies":[{"name":"wp","href":"https:\/\/api.w.org\/{rel}","templated":true}]}}